ue
Is 115567 prime?
False
Is 44771 a composite number?
False
Is 10133 a prime number?
True
Is 177739 a prime number?
True
Is 780655 composite?
True
Is 93077 a composite number?
False
Is 62177 a prime number?
False
Is 1740811 prime?
True
Is 34429 a prime number?
True
Is 26041 a prime number?
True
Is 32687 composite?
False
Is 400447 a composite number?
True
Is 310283 a prime number?
True
Is 22759 composite?
True
Is 425701 prime?
True
Is 142403 a composite number?
False
Is 4957 a prime number?
True
Is 446233 a prime number?
False
Is 53709 a prime number?
False
Is 1316867 prime?
False
Is 17729 prime?
True
Is 185293 composite?
True
Is 13027 a prime number?
False
Is 512047 a composite number?
False
Is 8459 composite?
True
Is 17257 composite?
False
Is 9253 a prime number?
False
Is 3341449 a prime number?
True
Is 3338 composite?
True
Is 14923 prime?
True
Is 2705 a composite number?
True
Is 338683 a composite number?
False
Is 317771 a composite number?
False
Is 10081 prime?
False
Is 1841 composite?
True
Is 310945 prime?
False
Is 256279 prime?
True
Is 381869 prime?
False
Is 143519 a composite number?
False
Is 66149 a composite number?
True
Is 772949 prime?
True
Is 15117 composite?
True
Is 14187 prime?
False
Is 55229 composite?
False
Is 7318 a composite number?
True
Is 16127 prime?
True
Is 20993 a prime number?
False
Is 87313 prime?
True
Is 242589 prime?
False
Is 938605 composite?
True
Is 9941 composite?
False
Is 112121 a prime number?
True
Is 17159 a composite number?
False
Is 424735 composite?
True
Is 6385 a prime number?
False
Is 2322227 a prime number?
True
Is 8887 prime?
True
Is 7307 a composite number?
False
Is 17453 composite?
True
Is 1098667 a composite number?
False
Is 9923 composite?
False
Is 84221 prime?
True
Is 335831 a prime number?
False
Is 15787 a prime number?
True
Is 57263 composite?
True
Is 3437 a prime number?
False
Is 31351 a composite number?
True
Is 752083 a prime number?
True
Is 1918885 a composite number?
True
Is 2705 composite?
True
Is 13591 a prime number?
True
Is 115831 a prime number?
True
Is 15349 prime?
True
Is 325363 a prime number?
False
Is 18254 a prime number?
False
Is 239417 composite?
False
Is 1099781 prime?
False
Is 2118085 a prime number?
False
Is 61729 a composite number?
False
Is 32093 a prime number?
False
Is 3527 prime?
True
Is 119569 prime?
True
Is 101077 composite?
True
Is 32113 a prime number?
False
Is 104849 prime?
True
Is 218177 a prime number?
False
Is 486869 a composite number?
False
Is 36377 a prime number?
False
Is 31397 composite?
False
Is 1693 prime?
True
Is 50771 a composite number?
True
Is 165437 a prime number?
True
Is 755681 a prime number?
True
Is 14351 a prime number?
False
Is 393447 a composite number?
True
Is 119227 prime?
True
Is 217263 prime?
False
Is 707509 a composite number?
True
Is 96617 a prime number?
False
Is 2389 composite?
False
Is 548633 composite?
True
Is 91121 a prime number?
True
Is 8623 prime?
True
Is 10061 a prime number?
True
Is 21661 a composite number?
False
Is 465721 a composite number?
False
Is 2459 prime?
True
Is 4663 a prime number?
True
Is 414811 a prime number?
False
Is 1205843 composite?
False
Is 797 a prime number?
True
Is 68323 a composite number?
True
Is 72829 a prime number?
False
Is 5758 prime?
False
Is 7555 prime?
False
Is 455873 a composite number?
True
Is 12949 a composite number?
True
Is 5143 prime?
False
Is 104353 a composite number?
True
Is 414734 prime?
False
Is 242587 prime?
False
Is 12709 composite?
True
Is 3631 composite?
False
Is 17783 a composite number?
False
Is 1169 a prime number?
False
Is 303409 a composite number?
False
Is 348949 composite?
False
Is 10951 a prime number?
False
Is 209215 prime?
False
Is 42821 composite?
False
Is 1637131 composite?
True
Is 221569 a prime number?
False
Is 12079 composite?
True
Is 68711 a prime number?
True
Is 446461 a prime number?
True
Is 3503 composite?
True
Is 19717 prime?
True
Is 41267 prime?
False
Is 417398 a prime number?
False
Is 1299257 prime?
True
Is 492551 composite?
False
Is 44629 a composite number?
True
Is 3898 a composite number?
True
Is 7769 composite?
True
Is 86959 prime?
True
Is 2497 composite?
True
Is 19246 a composite number?
True
Is 230929 a composite number?
False
Is 299786 a prime number?
False
Is 21041 a composite number?
True
Is 23663 a composite number?
False
Is 362521 a composite number?
False
Is 35983 composite?
False
Is 24351 a composite number?
True
Is 101939 prime?
True
Is 4699 a composite number?
True
Is 116519 a prime number?
False
Is 5531 prime?
True
Is 198823 composite?
False
Is 58787 prime?
True
Is 7273 prime?
False
Is 405299 prime?
True
Is 190387 a composite number?
False
Is 2503 composite?
False
Is 23039 a prime number?
True
Is 217 a composite number?
True
Is 5437 a prime number?
True
Is 323165 composite?
True
Is 5197 a composite number?
False
Is 121787 prime?
True
Is 2563 a prime number?
False
Is 169261 a composite number?
True
Is 6515 composite?
True
Is 17426 a prime number?
False
Is 11459 a prime number?
False
Is 53543 composite?
True
Is 890179 prime?
False
Is 3743 composite?
True
Is 23971 a prime number?
True
Is 1117 prime?
True
Is 321163 composite?
False
Is 612257 a composite number?
True
Is 95653 a prime number?
False
Is 636991 prime?
False
Is 19921 composite?
True
Is 11243 a prime number?
True
Is 35641 prime?
False
Is 27941 a prime number?
True
Is 751909 a prime number?
True
Is 235919 prime?
True
Is 184865 prime?
False
Is 55589 composite?
False
Is 364913 a prime number?
False
Is 170801 composite?
False
Is 1269187 prime?
True
Is 88771 a composite number?
False
Is 131 composite?
False
Is 108973 a composite number?
True
Is 793387 a composite number?
True
Is 61499 composite?
True
Is 570793 a composite number?
True
Is 73181 prime?
True
Is 589359 prime?
False
Is 5969 composite?
True
Is 287563 prime?
False
Is 11405 a prime number?
False
Is 82309 a prime number?
False
Is 423957 a prime number?
False
Is 3963221 composite?
False
Is 682037 a prime number?
True
Is 673991 a prime number?
True
Is 346699 composite?
False
Is 12437 prime?
True
Is 13217 prime?
True
Is 353371 a composite number?
True
Is 43223 prime?
True
Is 13033 prime?
True
Is 124633 prime?
True
Is 4534 composite?
True
Is 137129 prime?
False
Is 38881 a composite number?
True
Is 30823 prime?
False
Is 2785 composite?
True
Is 20369 a prime number?
True
Is 608519 a composite number?
False
Is 898337 a composite number?
True
Is 196691 prime?
False
Is 1501 composite?
True
Is 189082 prime?
False
Is 28513 prime?
True
Is 8285 a composite number?
True
Is 219577 composite?
False
Is 113341 prime?
True
Is 3901 prime?
False
Is 1108221 composite?
True
Is 281737 prime?
True
Is 17257 a prime number?
True
Is 156167 a composite number?
True
Is 7349 prime?
True
Is 11741 composite?
True
Is 8885 a prime number?
False
Is 11081 prime?
False
Is 713 prime?
False
Is 772491 composite?
True
Is 1180631 a composite number?
False
Is 617509 a composite number?
False
Is 6161 a composite number?
True
Is 152261 a composite number?
True
Is 11114 prime?
False
Is 107519 a prime number?
False
Is 18787 composite?
False
Is 2437 a composite number?
False
Is 4109 a prime number?
False
Is 32957 a composite number?
False
Is 1794901 prime?
False
Is 292997 composite?
True
Is 40897 composite?
False
Is 1481 a prime number?
True
Is 11707 composite?
True
Is 44579 composite?
False
Is 226307 prime?
True
Is 67109 a composite number?
True
Is 230303 prime?
True
Is 404821 a composite number?
True
Is 3889 a prime number?
True
Is 12343 composite?
False
Is 148061 a prime number?
True
Is 3984235 a composite number?
True
Is 60869 a composite number?
False
Is 86081 a composite number?
True
Is 11539 a prime number?
False
Is 110537 prime?
False
Is 1561 composite?
True
Is 1667441 a prime number?
True
Is 12149 a prime number?
True
Is 355891 prime?
True
Is 21767 prime?
True
Is 1987 a composite number?
False
Is 8923 composite?
False
Is 45637 a prime number?
False
Is 9601 a prime number?
True
Is 13963 a composite number?
False
Is 1319 composite?
False
Is 238291 a composite number?
False
Is 29717 a composite number?
False
Is 2000209 a prime number?
True
Is 44039 a prime number?
False
Is 42239 a composite number?
False
Is 76079 a composite number?
False
Is 4697447 a composite number?
False
I